 195 is divided by 40.
35
What is the remainder when 440 is divided by 110?
0
What is the remainder when 258 is divided by 63?
6
What is the remainder when 49 is divided by 10?
9
What is the remainder when 3764 is divided by 26?
20
What is the remainder when 3298 is divided by 656?
18
What is the remainder when 178 is divided by 8?
2
Calculate the remainder when 97 is divided by 62.
35
Calculate the remainder when 574 is divided by 183.
25
Calculate the remainder when 2394 is divided by 94.
44
Calculate the remainder when 2037 is divided by 136.
133
What is the remainder when 327 is divided by 50?
27
What is the remainder when 840 is divided by 52?
8
Calculate the remainder when 122 is divided by 32.
26
Calculate the remainder when 331 is divided by 157.
17
Calculate the remainder when 251 is divided by 14.
13
What is the remainder when 28 is divided by 6?
4
What is the remainder when 516 is divided by 87?
81
Calculate the remainder when 210 is divided by 66.
12
Calculate the remainder when 284 is divided by 88.
20
Calculate the remainder when 468 is divided by 5.
3
Calculate the remainder when 1848 is divided by 77.
0
What is the remainder when 6 is divided by 2?
0
What is the remainder when 71 is divided by 8?
7
What is the remainder when 360 is divided by 171?
18
What is the remainder when 5783 is divided by 24?
23
Calculate the remainder when 12031 is divided by 140.
131
What is the remainder when 575 is divided by 32?
31
What is the remainder when 375 is divided by 105?
60
What is the remainder when 1723 is divided by 32?
27
Calculate the remainder when 110 is divided by 37.
36
Calculate the remainder when 563 is divided by 27.
23
Calculate the remainder when 36 is divided by 28.
8
Calculate the remainder when 734 is divided by 180.
14
Calculate the remainder when 9326 is divided by 12.
2
Calculate the remainder when 1185 is divided by 46.
35
Calculate the remainder when 5510 is divided by 149.
146
Calculate the remainder when 722 is divided by 56.
50
What is the remainder when 899 is divided by 50?
49
What is the remainder when 1535 is divided by 10?
5
What is the remainder when 268 is divided by 69?
61
What is the remainder when 917 is divided by 112?
21
Calculate the remainder when 133 is divided by 87.
46
What is the remainder when 1936 is divided by 644?
4
What is the remainder when 67 is divided by 17?
16
What is the remainder when 397 is divided by 25?
22
What is the remainder when 92 is divided by 39?
14
Calculate the remainder when 51 is divided by 9.
6
What is the remainder when 558 is divided by 265?
28
What is the remainder when 559 is divided by 288?
271
Calculate the remainder when 95 is divided by 16.
15
What is the remainder when 518 is divided by 87?
83
What is the remainder when 917 is divided by 29?
18
Calculate the remainder when 4623 is divided by 34.
33
Calculate the remainder when 14441 is divided by 166.
165
Calculate the remainder when 661 is divided by 13.
11
Calculate the remainder when 195 is divided by 11.
8
What is the remainder when 37 is divided by 22?
15
Calculate the remainder when 1753 is divided by 45.
43
Calculate the remainder when 42 is divided by 17.
8
What is the remainder when 157 is divided by 34?
21
Calculate the remainder when 182 is divided by 98.
84
What is the remainder when 170 is divided by 50?
20
Calculate the remainder when 169 is divided by 10.
9
Calculate the remainder when 373 is divided by 17.
16
What is the remainder when 10428 is divided by 70?
68
What is the remainder when 916 is divided by 500?
416
What is the remainder when 1664 is divided by 72?
8
What is the remainder when 105 is divided by 13?
1
What is the remainder when 815 is divided by 403?
9
Calculate the remainder when 1378 is divided by 107.
94
What is the remainder when 132 is divided by 7?
6
Calculate the remainder when 26 is divided by 2.
0
Calculate the remainder when 73 is divided by 27.
19
Calculate the remainder when 93 is divided by 24.
21
What is the remainder when 5967 is divided by 24?
15
Calculate the remainder when 2750 is divided by 455.
20
What is the remainder when 315 is divided by 136?
43
Calculate the remainder when 548 is divided by 174.
26
What is the remainder when 351 is divided by 20?
11
Calculate the remainder when 1853 is divided by 35.
33
Calculate the remainder when 264 is divided by 6.
0
Calculate the remainder when 1064 is divided by 71.
70
What is the remainder when 143 is divided by 7?
3
What is the remainder when 112 is divided by 12?
4
What is the remainder when 353 is divided by 88?
1
Calculate the remainder when 229 is divided by 76.
1
Calculate the remainder when 107 is divided by 56.
51
What is the remainder when 958 is divided by 32?
30
Calculate the remainder when 179 is divided by 8.
3
What is the remainder when 73 is divided by 38?
35
What is the remainder when 1398 is divided by 115?
18
Calculate the remainder when 347 is divided by 99.
50
Calculate the remainder when 393 is divided by 11.
8
What is the remainder when 2551 is divided by 160?
151
What is the remainder when 233 is divided by 9?
8
Calculate the remainder when 43 is divided by 27.
16
Calculate the remainder when 597 is divided by 75.
72
Calculate the remainder when 2676 is divided by 26.
24
Calculate the remainder when 48 is divided by 42.
6
Calculate the remainder when 99 is divided by 21.
15
What is the remainder when 3358 is divided by 82?
78
What is the remainder when 368 is divided by 93?
89
What is the remainder when 1742 is divided by 247?
13
Calculate the remainder when 399 is divided by 95.
19
What is the remainder when 372 is divided by 75?
72
What is the remainder when 123 is divided by 32?
27
Calculate the remainder when 246 is divided by 44.
26
Calculate the remainder when 1425 is divided by 344.
49
What is the remainder when 534 is divided by 6?
0
What is the remainder when 327 is divided by 30?
27
What is the remainder when 37 is divided by 12?
1
Calculate the remainder when 178 is divided by 14.
10
What is the remainder when 14204 is divided by 48?
44
What is the remainder when 80 is divided by 4?
0
Calculate the remainder when 99 is divided by 27.
18
Calculate the remainder when 35 is divided by 34.
1
Calculate the remainder when 815 is divided by 106.
73
Calculate the remainder when 573 is divided by 24.
21
Calculate the remainder when 3852 is divided by 47.
45
What is the remainder when 1028 is divided by 5?
3
What is the remainder when 1082 is divided by 91?
81
Calculate the remainder when 301 is divided by 191.
110
What is the remainder when 16727 is divided by 68?
67
Calculate the remainder when 142 is divided by 36.
34
Calculate the remainder when 302 is divided by 40.
22
Calculate the remainder when 2067 is divided by 91.
65
What is the remainder when 245 is divided by 31?
28
What is the remainder when 742 is divided by 246?
4
What is the remainder when 2097 is divided by 60?
57
What is the remainder when 3387 is divided by 22?
21
Calculate the remainder when 758 is divided by 212.
122
What is the remainder when 969 is divided by 9?
6
What is the remainder when 1106 is divided by 27?
26
What is the remainder when 5613 is divided by 19?
8
What is the remainder when 55 is divided by 30?
25
Calculate the remainder when 8923 is divided by 113.
109
Calculate the remainder when 135 is divided by 29.
19
Calculate the remainder when 245 is divided by 41.
40
Calculate the remainder when 156 is divided by 139.
17
What is the remainder when 48 is divided by 23?
2
What is the remainder when 335 is divided by 85?
80
Calculate the remainder when 67 is divided by 24.
19
What is the remainder when 857 is divided by 393?
71
What is the remainder when 5014 is divided by 132?
130
What is the remainder when 2668 is divided by 447?
433
Calculate the remainder when 2106 is divided by 10.
6
What is the remainder when 2791 is divided by 2767?
24
Calculate the remainder when 3430 is divided by 52.
50
What is the remainder when 113 is divided by 55?
3
What is the remainder when 48 is divided by 12?
0
What is the remainder when 133 is divided by 23?
18
What is the remainder when 6075 is divided by 35?
20
Calculate the remainder when 494 is divided by 58.
30
Calculate the remainder when 3724 is divided by 81.
79
